{"id":113,"date":"2015-10-22T14:34:37","date_gmt":"2015-10-22T14:34:37","guid":{"rendered":"http:\/\/test.kriesi.at\/construction\/?page_id=113"},"modified":"2019-08-23T17:30:32","modified_gmt":"2019-08-23T17:30:32","slug":"sector-industrial-y-agroindustrial","status":"publish","type":"page","link":"https:\/\/adapta.uy\/adptweb\/principales-proyectos\/sector-industrial-y-agroindustrial\/","title":{"rendered":"Industria y agroindustria"},"content":{"rendered":"\n<style type=\"text\/css\" data-created_by=\"avia_inline_auto\" id=\"style-css-av-jth8ljw5-b4cf5bf6885033b15cbad4f0d0ad6f2c\">\n.avia-image-container.av-jth8ljw5-b4cf5bf6885033b15cbad4f0d0ad6f2c img.avia_image{\nbox-shadow:none;\n}\n.avia-image-container.av-jth8ljw5-b4cf5bf6885033b15cbad4f0d0ad6f2c .av-image-caption-overlay-center{\ncolor:#ffffff;\n}\n<\/style>\n<div  class='avia-image-container av-jth8ljw5-b4cf5bf6885033b15cbad4f0d0ad6f2c av-styling- avia-align-center  avia-builder-el-0  el_before_av_one_full  avia-builder-el-first '   itemprop=\"image\" itemscope=\"itemscope\" itemtype=\"https:\/\/schema.org\/ImageObject\" ><div class=\"avia-image-container-inner\"><div class=\"avia-image-overlay-wrap\"><img fetchpriority=\"high\" class='wp-image-346 avia-img-lazy-loading-not-346 avia_image ' src='https:\/\/adapta.uy\/adptweb\/wp-content\/uploads\/2019\/03\/area-agro-industrial-845x321.jpg' alt='' title='area-agro-industrial'  height=\"321\" width=\"845\"  itemprop=\"thumbnailUrl\"  \/><\/div><\/div><\/div>\n\n<style type=\"text\/css\" data-created_by=\"avia_inline_auto\" id=\"style-css-av-3fl5u9-63d4b86104566f301b0c5da465dbd10c\">\n#top .flex_column.av-3fl5u9-63d4b86104566f301b0c5da465dbd10c{\nmargin-top:0px;\nmargin-bottom:0px;\n}\n.flex_column.av-3fl5u9-63d4b86104566f301b0c5da465dbd10c{\nborder-radius:0px 0px 0px 0px;\npadding:0px 0px 0px 0px;\n}\n.responsive #top #wrap_all .flex_column.av-3fl5u9-63d4b86104566f301b0c5da465dbd10c{\nmargin-top:0px;\nmargin-bottom:0px;\n}\n<\/style>\n<div  class='flex_column av-3fl5u9-63d4b86104566f301b0c5da465dbd10c av_one_full  avia-builder-el-1  el_after_av_image  el_before_av_one_half  first flex_column_div av-animated-generic bottom-to-top av-zero-column-padding  '     ><p>\n<style type=\"text\/css\" data-created_by=\"avia_inline_auto\" id=\"style-css-av-jwar4r70-b7034132283138e499fd1d0dec9c5ffa\">\n#top .av-special-heading.av-jwar4r70-b7034132283138e499fd1d0dec9c5ffa{\nmargin:15px 0 0 0;\npadding-bottom:0;\n}\nbody .av-special-heading.av-jwar4r70-b7034132283138e499fd1d0dec9c5ffa .av-special-heading-tag .heading-char{\nfont-size:25px;\n}\n.av-special-heading.av-jwar4r70-b7034132283138e499fd1d0dec9c5ffa .av-subheading{\nfont-size:15px;\n}\n<\/style>\n<div  class='av-special-heading av-jwar4r70-b7034132283138e499fd1d0dec9c5ffa av-special-heading-h2 blockquote modern-quote  avia-builder-el-2  el_before_av_hr  avia-builder-el-first '><h2 class='av-special-heading-tag'  itemprop=\"headline\"  >Industria y agroindustria<\/h2><div class=\"special-heading-border\"><div class=\"special-heading-inner-border\"><\/div><\/div><\/div><br \/>\n\n<style type=\"text\/css\" data-created_by=\"avia_inline_auto\" id=\"style-css-av-aym3t-e459db7e7f33cc57d981b8455c72703d\">\n#top .hr.av-aym3t-e459db7e7f33cc57d981b8455c72703d{\nmargin-top:10px;\nmargin-bottom:10px;\n}\n.hr.av-aym3t-e459db7e7f33cc57d981b8455c72703d .hr-inner{\nwidth:50px;\nborder-color:#3e8f2e;\n}\n<\/style>\n<div  class='hr av-aym3t-e459db7e7f33cc57d981b8455c72703d hr-custom  avia-builder-el-3  el_after_av_heading  avia-builder-el-last  hr-left hr-icon-no'><span class='hr-inner inner-border-av-border-fat'><span class=\"hr-inner-style\"><\/span><\/span><\/div><\/p><\/div>\n\n<style type=\"text\/css\" data-created_by=\"avia_inline_auto\" id=\"style-css-av-2xt9kp-996572e2f18f55b3308a5b929807ba6e\">\n#top .flex_column.av-2xt9kp-996572e2f18f55b3308a5b929807ba6e{\nmargin-top:0px;\nmargin-bottom:0px;\n}\n.flex_column.av-2xt9kp-996572e2f18f55b3308a5b929807ba6e{\nborder-radius:0px 0px 0px 0px;\npadding:0px 0px 0px 0px;\n}\n.responsive #top #wrap_all .flex_column.av-2xt9kp-996572e2f18f55b3308a5b929807ba6e{\nmargin-top:0px;\nmargin-bottom:0px;\n}\n<\/style>\n<div  class='flex_column av-2xt9kp-996572e2f18f55b3308a5b929807ba6e av_one_half  avia-builder-el-4  el_after_av_one_full  el_before_av_one_half  first flex_column_div av-animated-generic bottom-to-top av-zero-column-padding  column-top-margin'     ><section  class='av_textblock_section av-2qgwll-a613c5ff05b2b253c5597e004dafeb8d '   itemscope=\"itemscope\" itemtype=\"https:\/\/schema.org\/CreativeWork\" ><div class='avia_textblock'  itemprop=\"text\" ><ul>\n<li><strong>Producci\u00f3n de cemento Portland.<\/strong> Auditor\u00edas ambientales de obra, ambiental, monitoreos ambientales.<br \/>\nCliente: Cielo Azul.<\/li>\n<li><strong>Acondicionamiento y secado de granos. <\/strong>Monitoreos ambientales, informes de desempe\u00f1o ambiental.<\/li>\n<li>Cliente: Fadimax.<\/li>\n<li><strong>Producci\u00f3n de mezclas asf\u00e1lticas.<\/strong> Plan de gesti\u00f3n ambiental de operaci\u00f3n, Plan de gesti\u00f3n de residuos.<br \/>\nCliente: IDALAR.<\/li>\n<\/ul>\n<div id=\"simple-translate\">\n<div>\n<div class=\"simple-translate-panel \" style=\"width: 300px; height: 200px; top: 0px; left: 0px; font-size: 13px; background-color: #ffffff;\">\n<div class=\"simple-translate-result-wrapper\" style=\"overflow: hidden;\">\n<p class=\"simple-translate-candidate\" style=\"color: #737373;\">\n<\/div>\n<\/div>\n<\/div>\n<\/div>\n<\/div><\/section><\/div>\n\n<style type=\"text\/css\" data-created_by=\"avia_inline_auto\" id=\"style-css-av-2n7jah-c87591a18f4c678c9caaf0fe496ca1e1\">\n#top .flex_column.av-2n7jah-c87591a18f4c678c9caaf0fe496ca1e1{\nmargin-top:0px;\nmargin-bottom:0px;\n}\n.flex_column.av-2n7jah-c87591a18f4c678c9caaf0fe496ca1e1{\nborder-radius:0px 0px 0px 0px;\npadding:0px 0px 0px 0px;\n}\n.responsive #top #wrap_all .flex_column.av-2n7jah-c87591a18f4c678c9caaf0fe496ca1e1{\nmargin-top:0px;\nmargin-bottom:0px;\n}\n<\/style>\n<div  class='flex_column av-2n7jah-c87591a18f4c678c9caaf0fe496ca1e1 av_one_half  avia-builder-el-6  el_after_av_one_half  avia-builder-el-last  flex_column_div av-animated-generic bottom-to-top av-zero-column-padding  column-top-margin'     ><section  class='av_textblock_section av-2d9uqx-a1a75c867b89a091c41ac396b45acd59 '   itemscope=\"itemscope\" itemtype=\"https:\/\/schema.org\/CreativeWork\" ><div class='avia_textblock'  itemprop=\"text\" ><ul>\n<li><strong>Formulaci\u00f3n de productos fitosanitarios y veterinarios.<\/strong> Ampliaci\u00f3n de la Autorizaci\u00f3n ambiental, Auditor\u00eda ambiental de cierre, asesoramiento t\u00e9cnico.<br \/>\nCliente: Proquimur.<\/li>\n<li><strong>Planta de producci\u00f3n de cal.<\/strong> Monitoreo ambiental.<br \/>\nCementos del Plata.<\/li>\n<li><strong>F\u00e1brica de envases pl\u00e1sticos.<\/strong> D\u00fce diligence.<br \/>\nCliente: Confidencial.<\/li>\n<li><strong>Zona Econ\u00f3mica Especial para la creaci\u00f3n de Contenidos de la Industria Audiovisual. <\/strong>Comunicaci\u00f3n de proyecto y Viabilidad Ambiental de Localizaci\u00f3n.<br \/>\nPunta del Este Film Studios, Portya Investments S.A.<\/li>\n<\/ul>\n<div id=\"simple-translate\">\n<div>\n<div class=\"simple-translate-button isShow\" style=\"background-image: url('moz-extension:\/\/5f95f167-ca9a-43cd-8ff1-48d3812e4616\/icons\/512.png'); height: 22px; width: 22px; top: 164px; left: 22px;\"><\/div>\n<div class=\"simple-translate-panel \" style=\"width: 300px; height: 200px; top: 0px; left: 0px; font-size: 13px; background-color: #ffffff;\">\n<div class=\"simple-translate-result-wrapper\" style=\"overflow: hidden;\">\n<p class=\"simple-translate-candidate\" style=\"color: #737373;\">\n<\/div>\n<\/div>\n<\/div>\n<\/div>\n<\/div><\/section><\/div>\n","protected":false},"excerpt":{"rendered":"","protected":false},"author":1,"featured_media":0,"parent":25,"menu_order":0,"comment_status":"closed","ping_status":"closed","template":"","meta":{"footnotes":""},"class_list":["post-113","page","type-page","status-publish","hentry"],"_links":{"self":[{"href":"https:\/\/adapta.uy\/adptweb\/wp-json\/wp\/v2\/pages\/113"}],"collection":[{"href":"https:\/\/adapta.uy\/adptweb\/wp-json\/wp\/v2\/pages"}],"about":[{"href":"https:\/\/adapta.uy\/adptweb\/wp-json\/wp\/v2\/types\/page"}],"author":[{"embeddable":true,"href":"https:\/\/adapta.uy\/adptweb\/wp-json\/wp\/v2\/users\/1"}],"replies":[{"embeddable":true,"href":"https:\/\/adapta.uy\/adptweb\/wp-json\/wp\/v2\/comments?post=113"}],"version-history":[{"count":0,"href":"https:\/\/adapta.uy\/adptweb\/wp-json\/wp\/v2\/pages\/113\/revisions"}],"up":[{"embeddable":true,"href":"https:\/\/adapta.uy\/adptweb\/wp-json\/wp\/v2\/pages\/25"}],"wp:attachment":[{"href":"https:\/\/adapta.uy\/adptweb\/wp-json\/wp\/v2\/media?parent=113"}],"curies":[{"name":"wp","href":"https:\/\/api.w.org\/{rel}","templated":true}]}}