{"id":144,"date":"2015-10-22T15:32:53","date_gmt":"2015-10-22T15:32:53","guid":{"rendered":"http:\/\/test.kriesi.at\/construction\/?page_id=144"},"modified":"2019-08-23T17:28:35","modified_gmt":"2019-08-23T17:28:35","slug":"infraestructura-y-logistica","status":"publish","type":"page","link":"https:\/\/adapta.uy\/adptweb\/principales-proyectos\/infraestructura-y-logistica\/","title":{"rendered":"Infraestructura y log\u00edstica"},"content":{"rendered":"\n<style type=\"text\/css\" data-created_by=\"avia_inline_auto\" id=\"style-css-av-jth86you-299d561b37f7cc8ee0eccf2a46a887e3\">\n.avia-image-container.av-jth86you-299d561b37f7cc8ee0eccf2a46a887e3 img.avia_image{\nbox-shadow:none;\n}\n.avia-image-container.av-jth86you-299d561b37f7cc8ee0eccf2a46a887e3 .av-image-caption-overlay-center{\ncolor:#ffffff;\n}\n<\/style>\n<div  class='avia-image-container av-jth86you-299d561b37f7cc8ee0eccf2a46a887e3 av-styling- avia-align-center  avia-builder-el-0  el_before_av_one_full  avia-builder-el-first '   itemprop=\"image\" itemscope=\"itemscope\" itemtype=\"https:\/\/schema.org\/ImageObject\" ><div class=\"avia-image-container-inner\"><div class=\"avia-image-overlay-wrap\"><img fetchpriority=\"high\" class='wp-image-354 avia-img-lazy-loading-not-354 avia_image ' src='https:\/\/adapta.uy\/adptweb\/wp-content\/uploads\/2019\/03\/area-infraestructura-845x321.jpg' alt='' title='area-infraestructura'  height=\"321\" width=\"845\"  itemprop=\"thumbnailUrl\"  \/><\/div><\/div><\/div>\n\n<style type=\"text\/css\" data-created_by=\"avia_inline_auto\" id=\"style-css-av-2mcfps-860ffdc82d1daa481cfdd1b290fbc12d\">\n#top .flex_column.av-2mcfps-860ffdc82d1daa481cfdd1b290fbc12d{\nmargin-top:0px;\nmargin-bottom:0px;\n}\n.flex_column.av-2mcfps-860ffdc82d1daa481cfdd1b290fbc12d{\nborder-radius:0px 0px 0px 0px;\npadding:0px 0px 0px 0px;\n}\n.responsive #top #wrap_all .flex_column.av-2mcfps-860ffdc82d1daa481cfdd1b290fbc12d{\nmargin-top:0px;\nmargin-bottom:0px;\n}\n<\/style>\n<div  class='flex_column av-2mcfps-860ffdc82d1daa481cfdd1b290fbc12d av_one_full  avia-builder-el-1  el_after_av_image  el_before_av_one_half  first flex_column_div av-animated-generic bottom-to-top av-zero-column-padding  '     ><p>\n<style type=\"text\/css\" data-created_by=\"avia_inline_auto\" id=\"style-css-av-jth8pwih-df7717a8b91fff542e6e15492a4175ce\">\n#top .av-special-heading.av-jth8pwih-df7717a8b91fff542e6e15492a4175ce{\nmargin:15px 0 0 0;\npadding-bottom:0;\n}\nbody .av-special-heading.av-jth8pwih-df7717a8b91fff542e6e15492a4175ce .av-special-heading-tag .heading-char{\nfont-size:25px;\n}\n.av-special-heading.av-jth8pwih-df7717a8b91fff542e6e15492a4175ce .av-subheading{\nfont-size:15px;\n}\n<\/style>\n<div  class='av-special-heading av-jth8pwih-df7717a8b91fff542e6e15492a4175ce av-special-heading-h2 blockquote modern-quote  avia-builder-el-2  el_before_av_hr  avia-builder-el-first '><h2 class='av-special-heading-tag'  itemprop=\"headline\"  >Infraestructura y log\u00edstica<\/h2><div class=\"special-heading-border\"><div class=\"special-heading-inner-border\"><\/div><\/div><\/div><br \/>\n\n<style type=\"text\/css\" data-created_by=\"avia_inline_auto\" id=\"style-css-av-27eo5c-6785e5c0c58986492d8b5e0586319b86\">\n#top .hr.av-27eo5c-6785e5c0c58986492d8b5e0586319b86{\nmargin-top:10px;\nmargin-bottom:10px;\n}\n.hr.av-27eo5c-6785e5c0c58986492d8b5e0586319b86 .hr-inner{\nwidth:50px;\nborder-color:#3e8f2e;\n}\n<\/style>\n<div  class='hr av-27eo5c-6785e5c0c58986492d8b5e0586319b86 hr-custom  avia-builder-el-3  el_after_av_heading  avia-builder-el-last  hr-left hr-icon-no'><span class='hr-inner inner-border-av-border-fat'><span class=\"hr-inner-style\"><\/span><\/span><\/div><\/p><\/div>\n\n<style type=\"text\/css\" data-created_by=\"avia_inline_auto\" id=\"style-css-av-21aqpk-dee04cffc4e24fc1de9f5e04d22cce28\">\n#top .flex_column.av-21aqpk-dee04cffc4e24fc1de9f5e04d22cce28{\nmargin-top:0px;\nmargin-bottom:0px;\n}\n.flex_column.av-21aqpk-dee04cffc4e24fc1de9f5e04d22cce28{\nborder-radius:0px 0px 0px 0px;\npadding:0px 0px 0px 0px;\n}\n.responsive #top #wrap_all .flex_column.av-21aqpk-dee04cffc4e24fc1de9f5e04d22cce28{\nmargin-top:0px;\nmargin-bottom:0px;\n}\n<\/style>\n<div  class='flex_column av-21aqpk-dee04cffc4e24fc1de9f5e04d22cce28 av_one_half  avia-builder-el-4  el_after_av_one_full  el_before_av_one_half  first flex_column_div av-animated-generic bottom-to-top av-zero-column-padding  column-top-margin'     ><section  class='av_textblock_section av-1wqjg0-1c958aac1619bac05f058b224d8b72af '   itemscope=\"itemscope\" itemtype=\"https:\/\/schema.org\/CreativeWork\" ><div class='avia_textblock'  itemprop=\"text\" ><ul>\n<li><strong>Terminal Portuaria Especializada en Celulosa en el Puerto de Montevideo.<\/strong> Viabilidad Ambiental de Localizaci\u00f3n, Estudio de Impacto Ambiental, Plan de gesti\u00f3n ambiental de construcci\u00f3n, Plan de gesti\u00f3n de residuos, monitoreos de l\u00ednea base.<br \/>\nCliente: Tebertur (UPM).<\/li>\n<li><strong>Construcci\u00f3n de nuevos puentes y rutas nacionales.<\/strong> Estudio de Impacto Ambiental y Social, Plan de gesti\u00f3n ambiental de construcci\u00f3n, Auditor\u00edas ambientales.<br \/>\nCliente: Grupo Vial Oriental.<\/li>\n<\/ul>\n<div id=\"simple-translate\">\n<div>\n<div class=\"simple-translate-button isShow\" style=\"background-image: url('moz-extension:\/\/5f95f167-ca9a-43cd-8ff1-48d3812e4616\/icons\/512.png'); height: 22px; width: 22px; top: 137px; left: 43px;\"><\/div>\n<div class=\"simple-translate-panel \" style=\"width: 300px; height: 200px; top: 0px; left: 0px; font-size: 13px; background-color: #ffffff;\">\n<div class=\"simple-translate-result-wrapper\" style=\"overflow: hidden;\">\n<p class=\"simple-translate-candidate\" style=\"color: #737373;\">\n<\/div>\n<\/div>\n<\/div>\n<\/div>\n<\/div><\/section><\/div>\n\n<style type=\"text\/css\" data-created_by=\"avia_inline_auto\" id=\"style-css-av-67jy8-64aae79897780fd1e6f9eee5cbacd53d\">\n#top .flex_column.av-67jy8-64aae79897780fd1e6f9eee5cbacd53d{\nmargin-top:0px;\nmargin-bottom:0px;\n}\n.flex_column.av-67jy8-64aae79897780fd1e6f9eee5cbacd53d{\nborder-radius:0px 0px 0px 0px;\npadding:0px 0px 0px 0px;\n}\n.responsive #top #wrap_all .flex_column.av-67jy8-64aae79897780fd1e6f9eee5cbacd53d{\nmargin-top:0px;\nmargin-bottom:0px;\n}\n<\/style>\n<div  class='flex_column av-67jy8-64aae79897780fd1e6f9eee5cbacd53d av_one_half  avia-builder-el-6  el_after_av_one_half  avia-builder-el-last  flex_column_div av-animated-generic bottom-to-top av-zero-column-padding  column-top-margin'     ><section  class='av_textblock_section av-1khcq8-5eb03fb351a08dbc0f6e7b305d63937f '   itemscope=\"itemscope\" itemtype=\"https:\/\/schema.org\/CreativeWork\" ><div class='avia_textblock'  itemprop=\"text\" ><ul>\n<li><strong>Parque industrial y log\u00edstico.<\/strong> Viabilidad Ambiental de Localizaci\u00f3n, Plan de gesti\u00f3n de residuos.<br \/>\nCliente: Pombo<\/li>\n<li><strong>Ferrocarril Central.<\/strong> Estructuraci\u00f3n y seguimiento del \u00a0Sistema Ambiental y Social del proyecto.<br \/>\nCliente: SACEEM.<\/li>\n<\/ul>\n<div id=\"simple-translate\">\n<div>\n<div class=\"simple-translate-button isShow\" style=\"background-image: url('moz-extension:\/\/5f95f167-ca9a-43cd-8ff1-48d3812e4616\/icons\/512.png'); height: 22px; width: 22px; top: 190px; left: 5px;\"><\/div>\n<div class=\"simple-translate-panel \" style=\"width: 300px; height: 200px; top: 0px; left: 0px; font-size: 13px; background-color: #ffffff;\">\n<div class=\"simple-translate-result-wrapper\" style=\"overflow: hidden;\">\n<p class=\"simple-translate-candidate\" style=\"color: #737373;\">\n<\/div>\n<\/div>\n<\/div>\n<\/div>\n<\/div><\/section><\/div>\n","protected":false},"excerpt":{"rendered":"","protected":false},"author":1,"featured_media":0,"parent":25,"menu_order":0,"comment_status":"closed","ping_status":"closed","template":"","meta":{"footnotes":""},"class_list":["post-144","page","type-page","status-publish","hentry"],"_links":{"self":[{"href":"https:\/\/adapta.uy\/adptweb\/wp-json\/wp\/v2\/pages\/144"}],"collection":[{"href":"https:\/\/adapta.uy\/adptweb\/wp-json\/wp\/v2\/pages"}],"about":[{"href":"https:\/\/adapta.uy\/adptweb\/wp-json\/wp\/v2\/types\/page"}],"author":[{"embeddable":true,"href":"https:\/\/adapta.uy\/adptweb\/wp-json\/wp\/v2\/users\/1"}],"replies":[{"embeddable":true,"href":"https:\/\/adapta.uy\/adptweb\/wp-json\/wp\/v2\/comments?post=144"}],"version-history":[{"count":0,"href":"https:\/\/adapta.uy\/adptweb\/wp-json\/wp\/v2\/pages\/144\/revisions"}],"up":[{"embeddable":true,"href":"https:\/\/adapta.uy\/adptweb\/wp-json\/wp\/v2\/pages\/25"}],"wp:attachment":[{"href":"https:\/\/adapta.uy\/adptweb\/wp-json\/wp\/v2\/media?parent=144"}],"curies":[{"name":"wp","href":"https:\/\/api.w.org\/{rel}","templated":true}]}}